- 4*l - 2*l**2 + 6*l**2. What is the units digit of i(-2)?
1
Let f(c) = -c**2 + 3*c + 1. Let p(h) = 2*h - 5. Let v be p(4). Suppose -6 - 3 = -v*k. What is the units digit of f(k)?
1
Let w be (-4)/10*-1*10. Let c be (-5)/10 - 10/w. What is the tens digit of 6 + c - -10 - -2?
1
Let g(k) = 7*k**3 + 6*k**2 - 3*k + 6. Let i(q) = -6*q**3 - 6*q**2 + 2*q - 6. Let h(j) = -5*g(j) - 6*i(j). What is the units digit of h(-5)?
6
Let w be (2*4)/(12/(-18)). What is the units digit of 1/(3/w*-2)?
2
Let p be ((-3)/(-2))/(3/6). Suppose f - 5 = -c, f + 2*f - p*c = -9. What is the units digit of -1 - (-7 - (f - -1))?
8
What is the hundreds digit of 0 - (-2)/(-6) - (-10097)/69?
1
Let q = -36 - -59. What is the tens digit of q?
2
Suppose -2*c - 12 = 2*c. Let r = c + 4. What is the units digit of -2 - 6/(-1 - r)?
1
Suppose 5*w + 4 = -21. Let m = 0 + 2. Let i = m - w. What is the units digit of i?
7
What is the units digit of ((-2)/7 - 0) + (-615)/(-21)?
9
Let a(z) = -2*z - 1. Let y be a(1). Let o be (-16)/(-6)*y/(-2). Suppose 0*j = o*j - 16. What is the units digit of j?
4
Suppose 0 = -3*x - 5*u + 28 + 16, 0 = -2*x - u + 27. What is the tens digit of x?
1
Let z be 15/2*(-2)/(-3). Let r = 62 + -34. Suppose 3*y - 4*p = r, -1 = 3*y + z*p - 20. What is the units digit of y?
8
Suppose 0*a = -a - 14. Let i = a + 34. What is the units digit of i?
0
Let z(h) = h**2 - 6*h - 4. Let k be z(7). Suppose 4*s = 3*s + k. What is the units digit of 1/s + (-23)/(-3)?
8
Let n(h) = h - 1. Suppose 7*b - 2*b = 15. Let j be n(b). What is the tens digit of (57/(-6))/((-1)/j)?
1
Suppose -2*j - j - 18 = 0. Let h = 9 + j. What is the units digit of h?
3
Suppose 0 = 6*y - 4*y - 18. Let w = 2 - 3. Let k = w + y. What is the units digit of k?
8
Let w(y) = -14*y**3 + 14*y**2 + 14*y + 32. Let l(f) = 5*f**3 - 5*f**2 - 5*f - 11. Let s(u) = 11*l(u) + 4*w(u). Suppose b = 5*b. What is the units digit of s(b)?
7
Suppose -18*z = -22*z + 148. What is the tens digit of z?
3
Suppose -60 = -0*w + 2*w. Let h be 3/6 + w/4. Let m(q) = -q**3 - 6*q**2 + 7*q + 2. What is the units digit of m(h)?
2
Let d = -122 - -207. Suppose -p = -6*p + d. What is the units digit of p?
7
Let f = 268 - 167. Suppose -4*v + 3 = -f. What is the tens digit of v?
2
Let m(d) = -41*d - 3. Let l be m(-1). Let b = -26 + l. What is the tens digit of b?
1
Suppose 2*p - 4*p = 8. Let i be p/(-18) - 2/9. Suppose i = -k - 0 + 5. What is the units digit of k?
5
Let k(q) = 0 - 3 - 13*q**2 + 2 - 2*q**2. Let r be k(-1). Let d = 24 + r. What is the units digit of d?
8
Suppose -p = z, -3*z - z = 2*p - 4. Suppose z*x = j + 2*j - 1, -2*j = x + 11. Let i = 0 - j. What is the units digit of i?
3
Suppose 2*o = -3*o + 190. Let t be o/6 - 1/3. What is the units digit of (-3)/t + 30/4?
7
Let z = 10 + -20. Suppose -2*g + 7*g + 4*p + 140 = 0, -g - 28 = -2*p. Let o = z - g. What is the units digit of o?
8
Let g = -2 - -6. Suppose 3*q - 46 = -x, x = g*q - 4*x - 55. What is the tens digit of q?
1
Let o(p) = -p + 4. Let g be o(3). Let n be g - ((-2)/(-2) - 2). Suppose n = 3*s - l, 4*s + 6*l - 9 = l. What is the units digit of s?
1
Suppose -5*v - 4 = -z, -4*z = -6*v + v - 46. What is the tens digit of z?
1
Let g be (-168)/18*(-6)/4. Suppose g = -a - a. Let f(r) = r**3 + 8*r**2 + 5*r - 4. What is the units digit of f(a)?
0
Suppose 2*x - 3*w = 2*w + 22, 0 = 5*w + 10. What is the units digit of x?
6
Let d(a) = a**2 + 6*a + 7. Let i be d(-5). Suppose -i*p + 18 = -p. What is the tens digit of p?
1
Let l(j) = j - 5. Let n be l(8). Let i(m) = -m**2 + 5*m - 4. Let p be i(n). What is the tens digit of ((-1)/p)/(5/(-130))?
1
Suppose t = 4*p - 0*p - 163, 4*p - 3*t = 161. Suppose -p = -2*o + h, 3*h + 60 = 3*o - 3. What is the tens digit of o?
2
Suppose -t + 16 = -32. Suppose t = n + 2*n. Suppose -n = -7*d + 3*d. What is the units digit of d?
4
What is the tens digit of (-3)/(9/(-6)) + 45/3?
1
Let i = 37 - 7. What is the units digit of i?
0
Suppose -107*w = -104*w - 309. What is the units digit of w?
3
Let n be (-10)/(-1)*16/20. Let s(b) = -b**2 + 10*b - 6. Let t be s(n). What is the units digit of (-1 - 3/3) + t?
8
Let n = -88 - -330. What is the tens digit of n?
4
Let t = 27 - -192. What is the tens digit of t?
1
Let g be 456/(-60) - 4/10. Let h be (-1)/(-2) - 2/4. Let r = h - g. What is the units digit of r?
8
Let p(o) = 2*o**2 + 3*o - 1. What is the tens digit of p(3)?
2
What is the hundreds digit of (-189)/(-6)*((-4 - -5) + 5)?
1
Let a(n) = -n + 25. Let p be a(0). Suppose -2*l = b - p, 4*l + 7 = 19. What is the units digit of b?
9
Let o be 12*1*2/6. Suppose -5*g = a + 1 - 4, 0 = o*a - 5*g - 62. What is the tens digit of a?
1
Suppose 4*g = 20 + 28. Suppose g = 3*m + m. What is the units digit of m?
3
Let r = 9 + 6. Suppose 0 = 6*a - a - r. What is the units digit of a?
3
Let o be 3/(-5) + 3/5. Suppose o = 4*i - 2*i - 4. What is the units digit of i?
2
Let j be (-18)/(3/1) + -1. What is the units digit of (63/12)/j*-8?
6
Let g(b) = 2*b + 10. Let k be g(-10). Let h(d) = -2*d + 8. What is the tens digit of h(k)?
2
Let g(n) = 2*n**2 + 4*n. What is the units digit of g(-5)?
0
Let g be 1 + 2 - 6/(-1). Let i(m) = -m**3 - 4*m**2 + 2*m - 3. Let u be i(-3). What is the units digit of 2/g - 68/u?
4
Let o(x) = x**2 + 6*x - 13. Let z be o(-7). Let s(b) = -b**3 - 7*b**2 - 9*b - 6. What is the units digit of s(z)?
2
Let o(n) = -n**3 - 4 - 5*n + 0 - 3*n**2 + 0. What is the tens digit of o(-3)?
1
What is the units digit of (-50)/(-2) + (-24)/(-8)?
8
Let k = 164 - 81. What is the tens digit of k?
8
What is the hundreds digit of (860/(-8))/(2/(-4))?
2
What is the units digit of (-12)/18*-42 - 4?
4
Let z = -6 - -13. Suppose 0*u = -u + z. What is the units digit of u?
7
What is the units digit of (3 - -32) + 5 + -2?
8
Suppose 9*g = 248 + 94. What is the units digit of g?
8
Let i = -31 - -18. Let o = -9 - i. What is the units digit of o?
4
Let u(p) = p**2 + 7*p - 5. Suppose -4*a - 10 = b - 0, 0 = 3*b + 3*a + 48. Let g be b/8*(3 - -1). What is the units digit of u(g)?
3
Suppose -6*b + 2*b + g = 13, g = 5. Let u(w) = -2*w**2 - 4*w - 3. Let q be u(b). What is the units digit of (5 - 1)/(q/(-6))?
8
Suppose x - 14 = -3*l, -2*l = x - 0*x - 10. Suppose -62 = -l*f - 14. What is the units digit of f?
2
Let a = 60 + -35. Let h = -14 + a. What is the units digit of h?
1
What is the units digit of (10/2)/(39/(-8) + 5)?
0
Let k(l) = -2*l - 1. Let i be k(-2). Let j(h) = 0*h + i*h + 0*h - 1. What is the units digit of j(3)?
8
Let i be (-2)/15 + 47/15. Suppose -i*c + 84 = c. What is the tens digit of c?
2
What is the hundreds digit of (-120)/(-16)*204/15?
1
Suppose 5*p - 6 = -3*n + 5*n, -3*n = 2*p - 29. Suppose -3 - 5 = 2*f. What is the units digit of (f/n)/(4/(-14))?
2
Let t(i) = 1 + 2 - 2 - 18*i**3. What is the tens digit of t(-1)?
1
Let c(h) = 2*h**3 + 24 - h - 2*h**3 + 1 - h**3. What is the tens digit of c(0)?
2
Let k be (3 - 1)*82/4. Suppose 5*n + k = 191. Suppose -2*c + 12 + 20 = 3*m, -5*m + n = c. What is the units digit of c?
0
Suppose 4*g = 20 - 4. Suppose g*p + 16 + 6 = t, t - 3*p = 17. What is the units digit of (0 + (-9)/(-6))*t?
3
Let a = -3 - 0. Let c = 27 - a. What is the tens digit of c?
3
Let k(p) = -2*p**2 + 8*p - 2. Let y(u) = -3*u**2 + 15*u - 3. Let w(c) = 5*k(c) - 3*y(c). Let h be w(-5). Let x = 6 - h. What is the units digit of x?
7
Let v = -1 + 32. What is the units digit of v?
1
Let w = -44 + 48. What is the units digit of w?
4
Suppose -2*x + 62 = -16. Suppose -k + 4*k + a = 28, a = -4*k + x. Suppose -3*q = p - 33, q - 3*p = -0*q + k. What is the tens digit of q?
1
Let c = 335 + -227. What is the tens digit of c?
0
Suppose 0 = 4*o - 6 - 138. Let b = o + -1. What is the units digit of b?
5
Suppose -3*h = 2*g - 79 + 24, 2*g - 59 = h. What is the tens digit of g?
2
Suppose 3*l - 5*m - 157 = 0, l + 4*m + 5 - 46 = 0. Let s = 71 - l. What is the units digit of s?
2
Suppose -3*m + 5*m = 0. Suppose -l + 20 = 4*w, m = -0*w - w - l + 2. What is the units digit of w?
6
Let s(n) = -n**3 + 7*n**2 + 2*n - 4. Let l = -8 + 5. Let p be (2 + l)/(2/(-14)). What is the units digit of s(p)?
0
What is the units digit of 215 - 2 - 2 - -3?
4
Let v(j) = -j**2 + 8*j - 9. Suppose 1 + 5 = b. Let g be v(b). Suppose -2*s + k = -5, -5*k - 12 - g = 0. What is the units digit of s?
1
Let y(x) = x + 14. Suppose 5*u + 